*2 + 8*v - 26. Let z be f(7). Suppose t + t - z = 0. Let c = 94 - t. Calculate the greatest common divisor of 6 and c.
6
Let s(a) = -52*a**3 - 4 - 1 - 10*a + 51*a**3 + 12*a**2. Let y be s(11). Let c = 315 - 261. What is the highest common factor of y and c?
6
Let l(w) = -7*w + 2 - 4 + 3*w + 0*w. Let v be l(-8). Let q be ((-187)/22 + 6)*-6. What is the highest common divisor of q and v?
15
Suppose -4*l + 16 = 0, 5*g - l + 6*l + 1490 = 0. Let p = 305 + g. Calculate the greatest common factor of 75 and p.
3
Let o = 121 + -119. Suppose 0 = o*h + 5*z - 2*z - 150, 2*h - 126 = 3*z. What is the highest common factor of h and 299?
23
Let g = -521 + 640. What is the greatest common divisor of g and 49?
7
Suppose 4*k - 1137 = -2*b - 3*b, b = 3*k - 867. Let y be 45 - 16 - (-10)/(-2). What is the highest common factor of y and k?
24
Suppose -25 = -12*o + 191. Let n be 408/40 - (-1)/(-5). Let f be n + 5/(25/10). Calculate the highest common factor of f and o.
6
Let t(i) = -2*i**3 - 36*i**2 - 61*i - 140. Let m be t(-17). Suppose 3*h - 55 = 44. What is the highest common factor of m and h?
11
Let a = -115 + 117. Suppose f = -5*p - 14, 3*f + 4*p + a = 4. Let v be 3/f - 340/(-8). Calculate the greatest common divisor of 86 and v.
43
Let a be (5/2)/((-34010)/4864 + 7). What is the highest common factor of 256 and a?
64
Let r = -377 - -458. Let u = 23 + -18. Suppose u*i - 86 = 4. Calculate the greatest common divisor of i and r.
9
Let c(a) = a**2 - 13*a + 14. Let g be c(13). Let w be (g + 0)/((-4)/10). Let z = 65 + w. Calculate the highest common factor of 12 and z.
6
Let d(m) = 2*m**2 - 23*m + 33. Let p be d(9). Let l be -3*(-7)/p*(4 - 120). Calculate the greatest common divisor of l and 58.
29
Suppose -115*t + 225*t + 20412 = 117*t. What is the highest common factor of 27 and t?
27
Suppose 406*p = 380*p + 25116. Calculate the greatest common factor of 210 and p.
42
Let f = 1028 + -867. What is the highest common factor of 23 and f?
23
Let i(d) = 2*d**2 + 22*d. Let m be i(-11). Suppose 21 = w + 3*a - 48, -3*w - 3*a + 213 = m. Let q = 30 + 18. What is the highest common factor of w and q?
24
Suppose 0 = -8*c - 0*c + 480. Let o = c + -64. Let f be 5/2*o*(-1 + 0). Calculate the greatest common divisor of f and 90.
10
Let s = -188 + 209. Suppose -s*d + 8722 + 392 = 0. What is the highest common divisor of 14 and d?
14
Let n(a) = 5*a - 20. Let z be n(13). Suppose -29*y + 468 = -3*y. Calculate the greatest common factor of y and z.
9
Let v = 5727 - 5429. Calculate the highest common divisor of 447 and v.
149
Let r = -696 + 657. Let m(a) = -a**2 - 51*a - 148. Let v be m(r). Calculate the greatest common divisor of 128 and v.
64
Let p be (-4)/10 + 1612/5 + 1. Suppose 3*f - 49 - p = 0. What is the highest common factor of 62 and f?
62
Suppose 570 = 4*u - 210. Let z = 238 - u. Calculate the highest common factor of 344 and z.
43
Let t(v) = -v**3 + 24*v**2 + 26*v - 25. Let a be t(25). Suppose a = 4*g - 3*g - 2*w - 308, -g + 284 = 4*w. Calculate the greatest common factor of g and 12.
12
Suppose 0*o = -5*s + 2*o + 3711, 0 = -3*o - 9. Suppose -18 = -2*g, 4*r - 3084*g = -3082*g + 210. What is the greatest common factor of r and s?
57
Let u = 14814 + -5650. Calculate the greatest common divisor of u and 116.
116
Suppose -3933 = -9236*n + 9217*n. What is the highest common divisor of n and 189?
9
Let q(f) = -7*f - 21. Let c be q(-5). Suppose -c*t = -6*t - 1680. What is the greatest common divisor of t and 30?
30
Let i = 50 + -27. Let b(z) = z**3 - 4*z**2 - z + 8. Let p be b(4). Suppose 4*o - 47 - 321 = -p*x, 0 = 3*x. Calculate the greatest common divisor of o and i.
23
Let j be (54/(-12))/(6/(-60)). Calculate the greatest common divisor of j and 864.
9
Let z be (1 - -1) + ((-264096)/(-90))/(1/5). What is the highest common factor of z and 66?
22
Suppose -3*l + 3*p = 7*p - 256, 5*l = 2*p + 444. Let h(a) = a**2 - 141*a + 4328. Let i be h(45). Calculate the greatest common factor of i and l.
8
Let x = 4236 + -4231. What is the highest common divisor of 2690 and x?
5
Suppose 23*q + 114 = -1. Let o be (-1 - 0)*q/(30/222). Calculate the highest common factor of 370 and o.
37
Suppose -3 = -2*h - 5*p + 210, -3*h + 4*p = -354. What is the greatest common divisor of 7923 and h?
57
Suppose 450*j - 456*j + 9072 = 0. What is the greatest common factor of 18 and j?
18
Suppose 212*t - 1545 = 1847. Calculate the highest common divisor of t and 4096.
16
Let v = -34 + 2. Let w be v*(60/16)/(-5). Let i = -68 + 76. Calculate the greatest common factor of w and i.
8
Suppose 2*r + z - 188 = 0, 5*z - 582 = -5*r - 117. Calculate the greatest common factor of r and 1197.
19
Let i(s) = 12*s**2 + 9*s + 20. Suppose -18 = 5*q - 2*j, 4*q - 5*j - 10 = -21. Let v be i(q). Calculate the highest common factor of v and 11.
11
Let h = -48 + -223. Let d = 442 + h. Suppose -2*o = -6 + 4, -3*o - 54 = -3*j. Calculate the highest common divisor of d and j.
19
Let v = 324 + -631. Let g = -268 - v. Suppose -17 = -3*b + 22. Calculate the greatest common divisor of g and b.
13
Let h be (-49)/6 - 35/(-210). Let r be ((-4)/1)/((-1)/6). Let g = r + h. Calculate the highest common factor of g and 40.
8
Let g(c) = -50*c**2 + 1158*c - 28. Let i be g(23). Calculate the highest common factor of 7566 and i.
78
Let y be -54*(1034/77)/(24/(-42)). Calculate the highest common divisor of y and 135.
27
Let i = 1759 - 1239. What is the greatest common factor of i and 320?
40
Let g(l) = -3*l**2 + 7*l - 20. Let k be g(5). Let v be k/(-8)*14*(0 - -1). What is the highest common divisor of 21 and v?
21
Let a(x) = 3*x + 99. Let y be a(-9). Suppose o = -0*o + y. Calculate the greatest common factor of o and 64.
8
Suppose -6*k - 3*z + 242 = 224, 24 = -k - 5*z. Calculate the greatest common factor of k and 4593.
3
Let s(k) be the third derivative of k**5/30 - k**4/8 - 167*k**3/6 - 84*k**2. Let b be s(-11). What is the highest common divisor of 81 and b?
27
Suppose -67*b = 2*f - 62*b - 72, -2*b + 96 = 5*f. What is the highest common factor of 3176 and f?
8
Suppose 0*z = -z + 39. Suppose 0 = 6*y + 227 + 37. Let h = 57 + y. What is the highest common factor of h and z?
13
Let g(q) = -1080*q - 112. Let x be g(-7). Suppose -43*p - x = -57*p. What is the highest common factor of p and 19?
19
Let o(f) = 17*f - 198. Let v be o(12). Calculate the highest common factor of v and 474.
6
Suppose 0 = -2*n + 4*l - 0*l + 84, 0 = -3*n - 4*l + 76. Suppose 0 = 45*o - n*o - 468. What is the highest common factor of o and 32?
4
Let d(g) = -g**2 + 97*g - 43. Let z be d(43). What is the greatest common divisor of z and 731?
43
Let m(z) be the first derivative of z**3/3 - z**2/2 + 112*z - 23. Let b be m(0). Suppose -b + 32 = -5*k. Calculate the highest common factor of 40 and k.
8
Let y(w) = -135*w - 2292. Let l be y(-18). What is the highest common factor of 2162 and l?
46
Suppose -62*l - 1049 = -3761 - 760. Calculate the greatest common divisor of l and 1358.
14
Let g = 41 + -34. Suppose -g*u + 0*u = -84. Suppose 10*f - u*f + 70 = 0. What is the greatest common factor of 5 and f?
5
Suppose -256*c + 270*c - 410902 = -6302. Calculate the greatest common divisor of 680 and c.
340
Let k = 27526 - 27290. What is the highest common factor of 4189 and k?
59
Let i(s) = 5*s**3 - 30*s**2 + 9*s - 2. Let u be i(6). What is the highest common divisor of 78 and u?
26
Let q(g) = -g**2 + 6*g. Suppose -7*l + 72 = 5*l. Let c be q(l). Suppose c = -p - 3*t + 14, p + 6 = 2*p - t. Calculate the greatest common divisor of p and 16.
8
Let o(k) = -5*k - 75. Let c be o(-17). Suppose 4*d - c*b = -15*b + 37, 2*d - b = 29. What is the highest common factor of d and 221?
13
Let s = -2 - -17. Let h(k) = -k**2 + 22*k - 5. Let b be h(s). Suppose 20*r - 240 - b = 0. What is the highest common divisor of 272 and r?
17
Suppose s + 22 = 3*s. Suppose -16*b + 15*b = 179. Let z = 267 + b. What is the highest common factor of z and s?
11
Suppose 46*c - 76483 = 2269. Calculate the highest common factor of 1177 and c.
107
Let k(g) = -3*g**3 - 6*g**2 + 9*g + 52. Let l be k(-3). What is the highest common factor of l and 3848?
52
Let b = -105 + 193. Let r = b + -86. Suppose -125 = r*u - 525. Calculate the highest common factor of 25 and u.
25
Let p(s) = -18*s + 3. Let x = -28 - -19. Let f be p(x). Let h =